t are the prime factors of 1473752?
2, 7, 26317
What are the prime factors of 22192294?
2, 283, 39209
List the prime factors of 9352552.
2, 11, 106279
What are the prime factors of 122350?
2, 5, 2447
List the prime factors of 300789.
3, 19, 1759
What are the prime factors of 999540?
2, 3, 5, 617
What are the prime factors of 30393872?
2, 37, 51341
List the prime factors of 3081246.
2, 3, 7, 73363
List the prime factors of 28986082.
2, 113, 128257
List the prime factors of 8629935.
3, 5, 31, 67, 277
List the prime factors of 19284428.
2, 691, 6977
What are the prime factors of 154819?
7, 17, 1301
List the prime factors of 2048579.
13, 37, 4259
List the prime factors of 394867.
11, 35897
List the prime factors of 203980.
2, 5, 7, 31, 47
List the prime factors of 8181539.
17, 113, 4259
List the prime factors of 2314313.
37, 62549
What are the prime factors of 223833?
3, 74611
What are the prime factors of 905521?
19, 47659
List the prime factors of 4718667.
3, 1087, 1447
What are the prime factors of 232108?
2, 58027
List the prime factors of 767747.
767747
What are the prime factors of 199695?
3, 5, 13313
What are the prime factors of 302636?
2, 75659
List the prime factors of 895633.
895633
List the prime factors of 2177367.
3, 725789
What are the prime factors of 33066813?
3, 13, 487, 1741
What are the prime factors of 123864?
2, 3, 13, 397
List the prime factors of 4956304.
2, 309769
List the prime factors of 31276165.
5, 101, 61933
What are the prime factors of 2042375?
5, 16339
What are the prime factors of 6349939?
43, 147673
List the prime factors of 3361494.
2, 3, 560249
List the prime factors of 8041228.
2, 13, 59, 2621
List the prime factors of 39083388.
2, 3, 43, 75743
What are the prime factors of 6997713?
3, 433, 5387
List the prime factors of 60159.
3, 11, 1823
What are the prime factors of 366127?
366127
List the prime factors of 684676.
2, 171169
List the prime factors of 688419.
3, 2833
What are the prime factors of 30296?
2, 7, 541
What are the prime factors of 3729114?
2, 3, 31, 41, 163
List the prime factors of 13169581.
13169581
What are the prime factors of 146193?
3, 48731
List the prime factors of 2239392.
2, 3, 23327
List the prime factors of 258639.
3, 73, 1181
What are the prime factors of 2635290?
2, 3, 5, 7, 47, 89
List the prime factors of 218302.
2, 7, 31, 503
List the prime factors of 270753.
3, 7, 12893
What are the prime factors of 4504849?
23, 195863
What are the prime factors of 6558065?
5, 37, 35449
List the prime factors of 272020.
2, 5, 7, 29, 67
List the prime factors of 153026.
2, 19, 4027
List the prime factors of 262986.
2, 3, 53, 827
What are the prime factors of 3399309?
3, 19, 103, 193
List the prime factors of 59257.
11, 5387
What are the prime factors of 139358?
2, 59, 1181
List the prime factors of 3753094.
2, 23, 83, 983
List the prime factors of 4953636.
2, 3, 15289
What are the prime factors of 3645284?
2, 911321
List the prime factors of 22933431.
3, 89, 28631
What are the prime factors of 263042?
2, 13, 67, 151
List the prime factors of 87745.
5, 7, 23, 109
List the prime factors of 3631026.
2, 3, 7, 86453
List the prime factors of 7914356.
2, 1978589
What are the prime factors of 41007?
3, 13669
What are the prime factors of 694557?
3, 229, 337
List the prime factors of 8117401.
8117401
List the prime factors of 296780.
2, 5, 11, 19, 71
What are the prime factors of 344971?
11, 2851
What are the prime factors of 1184433?
3, 394811
List the prime factors of 128238.
2, 3, 11, 29, 67
What are the prime factors of 466818?
2, 3, 11, 643
List the prime factors of 630498.
2, 3, 11, 41, 233
List the prime factors of 9019447.
9019447
What are the prime factors of 642625?
5, 53, 97
What are the prime factors of 140704?
2, 4397
What are the prime factors of 1492145?
5, 167, 1787
List the prime factors of 262958.
2, 131479
List the prime factors of 834261.
3, 278087
List the prime factors of 2789704.
2, 107, 3259
What are the prime factors of 5058195?
3, 5, 337213
What are the prime factors of 28958960?
2, 5, 31, 11677
What are the prime factors of 4845454?
2, 2422727
List the prime factors of 19803309.
3, 47, 140449
List the prime factors of 13510357.
7, 641, 3011
What are the prime factors of 361992?
2, 3, 15083
List the prime factors of 22819.
19, 1201
What are the prime factors of 711014?
2, 355507
What are the prime factors of 188912?
2, 11807
List the prime factors of 3059952.
2, 3, 7, 1301
List the prime factors of 8163758.
2, 23, 177473
List the prime factors of 36018887.
733, 49139
What are the prime factors of 3281705?
5, 7, 93763
List the prime factors of 10209600.
2, 3, 5, 709
List the prime factors of 688366.
2, 7, 49169
List the prime factors of 97241.
97241
What are the prime factors of 145545?
3, 5, 31, 313
What are the prime factors of 347935?
5, 7, 9941
List the prime factors of 485699.
37, 13127
List the prime factors of 95568.
2, 3, 11, 181
List the prime factors of 151194.
2, 3, 113, 223
List the prime factors of 457522.
2, 13, 17597
List the prime factors of 3839111.
101, 38011
List the prime factors of 2563452.
2, 3, 31, 2297
List the prime factors of 219580.
2, 5, 10979
What are the prime factors of 887599?
887599
List the prime factors of 12605397.
3, 7, 85751
What are the prime factors of 7878139?
7878139
What are the prime factors of 15954031?
29, 550139
List the prime factors of 370416.
2, 3, 7717
What are the prime factors of 1128462?
2, 3, 31, 6067
What are the prime factors of 7523940?
2, 3, 5, 125399
List the prime factors of 638987.
569, 1123
List the prime factors of 61319.
17, 3607
List the prime factors of 8024893.
37, 107, 2027
What are the prime factors of 425447?
11, 38677
What are the prime factors of 39897868?
2, 31, 321757
What are the prime factors of 2990643?
3, 996881
What are the prime factors of 291718?
2, 7, 67, 311
What are the prime factors of 190346?
2, 13, 7321
List the prime factors of 251490.
2, 3, 5, 83, 101
What are the prime factors of 153215?
5, 30643
List the prime factors of 2730265.
5, 546053
List the prime factors of 5762500.
2, 5, 461
List the prime factors of 1683401.
601, 2801
What are the prime factors of 7044728?
2, 167, 5273
What are the prime factors of 87673?
73, 1201
What are the prime factors of 6521186?
2, 7, 465799
What are the prime factors of 511375?
5, 4091
What are the prime factors of 2660510?
2, 5, 266051
List the prime factors of 913428.
2, 3, 25373
What are the prime factors of 2218705?
5, 37, 67, 179
List the prime factors of 515864.
2, 64483
List the prime factors of 67618.
2, 33809
What are the prime factors of 390350?
2, 5, 37, 211
List the prime factors of 113702.
2, 139, 409
What are the prime factors of 18627350?
2, 5, 7, 7603
What are the prime factors of 541541?
7, 11, 13, 541
List the prime factors of 111586.
2, 55793
What are the prime factors of 897580?
2, 5, 44879
List the prime factors of 9736207.
13, 109, 6871
What are the prime factors of 97088?
2, 37, 41
List the prime factors of 4310934.
2, 3, 47, 15287
What are the prime factors of 507673?
507673
List the prime factors of 2328601.
11, 211691
List the prime factors of 5952023.
7, 11, 17, 4547
List the prime factors of 230971.
13, 109, 163
List the prime factors of 2307375.
3, 5, 7, 293
What are the prime factors of 28538153?
7, 4076879
List the prime factors of 1159441.
97, 11953
What are the prime factors of 179292?
2, 3, 67, 223
What are the prime factors of 1269673?
347, 3659
What are the prime factors of 130926?
2, 3, 21821
List the prime factors of 180725.
5, 7229
What are the prime factors of 388212?
2, 3, 11, 17, 173
List the prime factors of 924921.
3, 102769
List the prime factors of 1663355.
5, 19, 17509
List the prime factors of 21453304.
2, 2681663
What are the prime factors of 486405?
3, 5, 1201
What are the prime factors of 2860906?
2, 19, 79, 953
What are the prime factors of 132931?
307, 433
What are the prime factors of 69401?
69401
List the prime factors of 4407232.
2, 68863
List the prime factors of 9383086.
2, 419, 11197
List the prime factors of 810097.
67, 107, 113
List the prime factors of 121028.
2, 79, 383
List the prime factors of 345743.
19, 31, 587
What are the prime factors of 221941?
221941
List the prime factors of 3487